{"id":3326,"date":"2025-06-02T16:28:03","date_gmt":"2025-06-02T16:28:03","guid":{"rendered":"https:\/\/congresso15.cmm.pt\/3326-2\/"},"modified":"2025-07-30T14:45:32","modified_gmt":"2025-07-30T14:45:32","slug":"cena-de-gala","status":"publish","type":"page","link":"https:\/\/congresso15.cmm.pt\/es\/cena-de-gala\/","title":{"rendered":"Cena de Gala"},"content":{"rendered":"<p>[et_pb_section fb_built=\u00bb1&#8243; custom_padding_last_edited=\u00bbon|phone\u00bb admin_label=\u00bbHero\u00bb _builder_version=\u00bb4.27.4&#8243; use_background_color_gradient=\u00bbon\u00bb background_color_gradient_stops=\u00bb#008aa8 0%|#ffffff 100%\u00bb custom_margin=\u00bb|||\u00bb custom_margin_tablet=\u00bb|||\u00bb custom_margin_phone=\u00bb0px||0px||false|false\u00bb custom_margin_last_edited=\u00bbon|phone\u00bb custom_padding=\u00bb100px||100px|\u00bb custom_padding_tablet=\u00bb130px||130px|\u00bb custom_padding_phone=\u00bb0px||80px||false|false\u00bb locked=\u00bboff\u00bb global_colors_info=\u00bb{}\u00bb][et_pb_row custom_padding_last_edited=\u00bbon|phone\u00bb _builder_version=\u00bb4.27.4&#8243; background_size=\u00bbinitial\u00bb background_position=\u00bbtop_left\u00bb background_repeat=\u00bbrepeat\u00bb custom_margin=\u00bb|||\u00bb custom_margin_tablet=\u00bb|||\u00bb custom_margin_phone=\u00bb0px||0px||false|false\u00bb custom_margin_last_edited=\u00bbon|phone\u00bb custom_padding_tablet=\u00bb\u00bb custom_padding_phone=\u00bb50px||0px||false|false\u00bb global_colors_info=\u00bb{}\u00bb][et_pb_column type=\u00bb4_4&#8243; _builder_version=\u00bb4.16&#8243; custom_padding=\u00bb|||\u00bb global_colors_info=\u00bb{}\u00bb custom_padding__hover=\u00bb|||\u00bb][et_pb_text _builder_version=\u00bb4.27.4&#8243; header_font=\u00bbMerriweather|700|||||||\u00bb header_font_size=\u00bb46px\u00bb header_line_height=\u00bb1.3em\u00bb custom_margin=\u00bb||0px|\u00bb animation_style=\u00bbflip\u00bb animation_direction=\u00bbtop\u00bb header_font_size_tablet=\u00bb46px\u00bb header_font_size_phone=\u00bb40px\u00bb header_font_size_last_edited=\u00bbon|phone\u00bb global_colors_info=\u00bb{}\u00bb]<\/p>\n<h1 style=\"text-align: center;\"><span style=\"color: #ffffff;\">Cena de Gala<\/span><\/h1>\n<p>[\/et_pb_text][et_pb_divider color=\u00bbgcid-11f9b122-e9c0-482b-a959-1714baa342ba\u00bb divider_position=\u00bbcenter\u00bb divider_weight=\u00bb2px\u00bb _builder_version=\u00bb4.27.4&#8243; max_width=\u00bb90px\u00bb max_width_tablet=\u00bb12%\u00bb max_width_last_edited=\u00bboff|desktop\u00bb module_alignment=\u00bbcenter\u00bb custom_margin=\u00bb|||\u00bb animation_style=\u00bbflip\u00bb animation_delay=\u00bb100ms\u00bb locked=\u00bboff\u00bb global_colors_info=\u00bb{%22gcid-11f9b122-e9c0-482b-a959-1714baa342ba%22:%91%22color%22%93}\u00bb][\/et_pb_divider][\/et_pb_column][\/et_pb_row][\/et_pb_section][et_pb_section fb_built=\u00bb1&#8243; custom_padding_last_edited=\u00bbon|tablet\u00bb admin_label=\u00bbGallery\u00bb _builder_version=\u00bb4.27.4&#8243; custom_margin_tablet=\u00bb||-25px||false|false\u00bb custom_margin_phone=\u00bb-20px||-25px||false|false\u00bb custom_margin_last_edited=\u00bbon|tablet\u00bb custom_padding=\u00bb30px||50px||false|false\u00bb custom_padding_tablet=\u00bb0px||0px||false|false\u00bb custom_padding_phone=\u00bb0px||0px||false|false\u00bb global_colors_info=\u00bb{}\u00bb][et_pb_row _builder_version=\u00bb4.16&#8243; animation_style=\u00bbzoom\u00bb animation_intensity_zoom=\u00bb10%\u00bb global_colors_info=\u00bb{}\u00bb][et_pb_column type=\u00bb4_4&#8243; _builder_version=\u00bb4.16&#8243; custom_padding=\u00bb|||\u00bb global_colors_info=\u00bb{}\u00bb custom_padding__hover=\u00bb|||\u00bb][et_pb_text _builder_version=\u00bb4.27.4&#8243; text_font=\u00bb||||||||\u00bb text_text_color=\u00bb#7e7f93&#8243; text_font_size=\u00bb18px\u00bb header_font=\u00bb||||||||\u00bb header_text_color=\u00bb#008aa8&#8243; header_3_font=\u00bbMerriweather|700|||||||\u00bb header_3_text_color=\u00bbgcid-5dbd214d-e006-4f90-9ffe-993abd176003&#8243; header_3_font_size=\u00bb30px\u00bb header_3_line_height=\u00bb1.4em\u00bb locked=\u00bboff\u00bb global_colors_info=\u00bb{%22gcid-5dbd214d-e006-4f90-9ffe-993abd176003%22:%91%22header_3_text_color%22%93}\u00bb]<\/p>\n<h3 style=\"text-align: center;\">Palacio da Bolsa<\/h3>\n<p>[\/et_pb_text][\/et_pb_column][\/et_pb_row][et_pb_row _builder_version=\u00bb4.27.4&#8243; _module_preset=\u00bbdefault\u00bb global_colors_info=\u00bb{}\u00bb][et_pb_column type=\u00bb4_4&#8243; _builder_version=\u00bb4.27.4&#8243; _module_preset=\u00bbdefault\u00bb global_colors_info=\u00bb{}\u00bb][et_pb_video src=\u00bbhttps:\/\/congresso15.cmm.pt\/wp-content\/uploads\/2025\/06\/2023-06-26-video-promocional-Palacio-da-Bolsa_versao_final.mp4&#8243; image_src=\u00bbhttps:\/\/congresso15.cmm.pt\/wp-content\/uploads\/2025\/06\/Palacio_home.jpg\u00bb play_icon_color=\u00bbgcid-11f9b122-e9c0-482b-a959-1714baa342ba\u00bb font_icon=\u00bb&#x49;||divi||400&#8243; _builder_version=\u00bb4.27.4&#8243; _module_preset=\u00bbdefault\u00bb global_colors_info=\u00bb{%22gcid-11f9b122-e9c0-482b-a959-1714baa342ba%22:%91%22play_icon_color%22%93}\u00bb][\/et_pb_video][\/et_pb_column][\/et_pb_row][et_pb_row _builder_version=\u00bb4.27.4&#8243; _module_preset=\u00bbdefault\u00bb global_colors_info=\u00bb{}\u00bb][et_pb_column type=\u00bb4_4&#8243; _builder_version=\u00bb4.27.4&#8243; _module_preset=\u00bbdefault\u00bb global_colors_info=\u00bb{}\u00bb][et_pb_text _builder_version=\u00bb4.27.4&#8243; _module_preset=\u00bbdefault\u00bb text_font_size=\u00bb18px\u00bb text_line_height=\u00bb1.5em\u00bb custom_margin=\u00bb30px||-30px||false|false\u00bb global_colors_info=\u00bb{}\u00bb]<\/p>\n<p mce_style=\"text-align: justify;\">Pal\u00e1cio da Bolsa en el XV Congreso de Construcci\u00f3n de Acero y Mixta y I Congreso de Ingenier\u00eda de Fachadas, la Cena de Gala tendr\u00e1 lugar en el emblem\u00e1tico Pal\u00e1cio da Bolsa.<\/p>\n<p mce_style=\"text-align: justify;\">En el centro hist\u00f3rico de Oporto, Patrimonio de la Humanidad, el Pal\u00e1cio da Bolsa es un s\u00edmbolo de la ciudad y de la regi\u00f3n. Clasificado como Monumento Nacional, es propiedad y sede de la Asociaci\u00f3n Comercial de Oporto y fue construido en la segunda mitad del siglo XIX.<\/p>\n<p mce_style=\"text-align: justify;\">De estilo neocl\u00e1sico, fue dise\u00f1ado por grandes nombres de la arquitectura como Marques da Silva y Tom\u00e1s Soller, y de la pintura y escultura como Veloso Salgado, Teixeira Lopes y Soares dos Reis.<\/p>\n<p mce_style=\"text-align: justify;\">A lo largo del tiempo, por el Pal\u00e1cio da Bolsa han pasado grandes nombres de los siglos XIX, XX y XXI, desde monarcas hasta presidentes de la Rep\u00fablica y gobernantes de diversos pa\u00edses del mundo.<\/p>\n<p mce_style=\"text-align: justify;\">La nobleza y diversidad de su interior tambi\u00e9n hacen del Pal\u00e1cio da Bolsa uno de los monumentos m\u00e1s visitados del Norte del pa\u00eds.<\/p>\n<p mce_style=\"text-align: justify;\"><em><\/em><\/p>\n<p mce_style=\"text-align: justify;\"><em>Nota: Cena de gala incluida en la inscripci\u00f3n al congreso. Las personas no inscritas en el congreso pueden asistir a la cena pagando 150\u20ac. <\/em><\/p>\n<p>[\/et_pb_text][\/et_pb_column][\/et_pb_row][et_pb_row _builder_version=\u00bb4.27.4&#8243; _module_preset=\u00bbdefault\u00bb custom_margin=\u00bb50px||||false|false\u00bb global_colors_info=\u00bb{}\u00bb][et_pb_column type=\u00bb4_4&#8243; _builder_version=\u00bb4.27.4&#8243; _module_preset=\u00bbdefault\u00bb global_colors_info=\u00bb{}\u00bb][et_pb_map google_api_key=\u00bbAIzaSyBjYWM39tTGuUcZFQiG5yRtWjOPNCJgX0s\u00bb address=\u00bbPal\u00e1cio da Bolsa, R. de Ferreira Borges 11, 4050-253 Porto, Portugal\u00bb address_lat=\u00bb41.1413772&#8243; address_lng=\u00bb-8.6156725&#8243; _builder_version=\u00bb4.27.4&#8243; _module_preset=\u00bbdefault\u00bb global_colors_info=\u00bb{}\u00bb][et_pb_map_pin title=\u00bbPalacio de la Bolsa\u00bb pin_address=\u00bbPal\u00e1cio da Bolsa, R. de Ferreira Borges 11, 4050-253 Porto, Portugal\u00bb pin_address_lat=\u00bb41.1413772&#8243; pin_address_lng=\u00bb-8.6156725&#8243; _builder_version=\u00bb4.27.4&#8243; _module_preset=\u00bbdefault\u00bb global_colors_info=\u00bb{}\u00bb][\/et_pb_map_pin][\/et_pb_map][\/et_pb_column][\/et_pb_row][\/et_pb_section]<\/p>\n","protected":false},"excerpt":{"rendered":"<p>Cena de GalaPalacio da BolsaPal\u00e1cio da Bolsa en el XV Congreso de Construcci\u00f3n de Acero y Mixta y I Congreso de Ingenier\u00eda de Fachadas, la Cena de Gala tendr\u00e1 lugar en el emblem\u00e1tico Pal\u00e1cio da Bolsa. En el centro hist\u00f3rico de Oporto, Patrimonio de la Humanidad, el Pal\u00e1cio da Bolsa es un s\u00edmbolo de la [&hellip;]<\/p>\n","protected":false},"author":2,"featured_media":0,"parent":0,"menu_order":0,"comment_status":"closed","ping_status":"closed","template":"","meta":{"_et_pb_use_builder":"on","_et_pb_old_content":"","_et_gb_content_width":"","_view_id":"","footnotes":""},"class_list":["post-3326","page","type-page","status-publish","hentry"],"_links":{"self":[{"href":"https:\/\/congresso15.cmm.pt\/es\/wp-json\/wp\/v2\/pages\/3326","targetHints":{"allow":["GET"]}}],"collection":[{"href":"https:\/\/congresso15.cmm.pt\/es\/wp-json\/wp\/v2\/pages"}],"about":[{"href":"https:\/\/congresso15.cmm.pt\/es\/wp-json\/wp\/v2\/types\/page"}],"author":[{"embeddable":true,"href":"https:\/\/congresso15.cmm.pt\/es\/wp-json\/wp\/v2\/users\/2"}],"replies":[{"embeddable":true,"href":"https:\/\/congresso15.cmm.pt\/es\/wp-json\/wp\/v2\/comments?post=3326"}],"version-history":[{"count":15,"href":"https:\/\/congresso15.cmm.pt\/es\/wp-json\/wp\/v2\/pages\/3326\/revisions"}],"predecessor-version":[{"id":4278,"href":"https:\/\/congresso15.cmm.pt\/es\/wp-json\/wp\/v2\/pages\/3326\/revisions\/4278"}],"wp:attachment":[{"href":"https:\/\/congresso15.cmm.pt\/es\/wp-json\/wp\/v2\/media?parent=3326"}],"curies":[{"name":"wp","href":"https:\/\/api.w.org\/{rel}","templated":true}]}}

<p>[et_pb_section fb_built=»1&#8243; custom_padding_last_edited=»on|phone» admin_label=»Hero» _builder_version=»4.27.4&#8243; use_background_color_gradient=»on» background_color_gradient_stops=»#008aa8 0%|#ffffff 100%» custom_margin=»|||» custom_margin_tablet=»|||» custom_margin_phone=»0px||0px||false|false» custom_margin_last_edited=»on|phone» custom_padding=»100px||100px|» custom_padding_tablet=»130px||130px|» custom_padding_phone=»0px||80px||false|false» locked=»off» global_colors_info=»{}»][et_pb_row custom_padding_last_edited=»on|phone» _builder_version=»4.27.4&#8243; background_size=»initial» background_position=»top_left» background_repeat=»repeat» custom_margin=»|||» custom_margin_tablet=»|||» custom_margin_phone=»0px||0px||false|false» custom_margin_last_edited=»on|phone» custom_padding_tablet=»» custom_padding_phone=»50px||0px||false|false» global_colors_info=»{}»][et_pb_column type=»4_4&#8243; _builder_version=»4.16&#8243; custom_padding=»|||» global_colors_info=»{}» custom_padding__hover=»|||»][et_pb_text _builder_version=»4.27.4&#8243; header_font=»Merriweather|700|||||||» header_font_size=»46px» header_line_height=»1.3em» custom_margin=»||0px|» animation_style=»flip» animation_direction=»top» header_font_size_tablet=»46px» header_font_size_phone=»40px» header_font_size_last_edited=»on|phone» global_colors_info=»{}»]</p>
<h1 style="text-align: center;"><span style="color: #ffffff;">Cena de Gala</span></h1>
<p>[/et_pb_text][et_pb_divider color=»gcid-11f9b122-e9c0-482b-a959-1714baa342ba» divider_position=»center» divider_weight=»2px» _builder_version=»4.27.4&#8243; max_width=»90px» max_width_tablet=»12%» max_width_last_edited=»off|desktop» module_alignment=»center» custom_margin=»|||» animation_style=»flip» animation_delay=»100ms» locked=»off» global_colors_info=»{%22gcid-11f9b122-e9c0-482b-a959-1714baa342ba%22:%91%22color%22%93}»][/et_pb_divider][/et_pb_column][/et_pb_row][/et_pb_section][et_pb_section fb_built=»1&#8243; custom_padding_last_edited=»on|tablet» admin_label=»Gallery» _builder_version=»4.27.4&#8243; custom_margin_tablet=»||-25px||false|false» custom_margin_phone=»-20px||-25px||false|false» custom_margin_last_edited=»on|tablet» custom_padding=»30px||50px||false|false» custom_padding_tablet=»0px||0px||false|false» custom_padding_phone=»0px||0px||false|false» global_colors_info=»{}»][et_pb_row _builder_version=»4.16&#8243; animation_style=»zoom» animation_intensity_zoom=»10%» global_colors_info=»{}»][et_pb_column type=»4_4&#8243; _builder_version=»4.16&#8243; custom_padding=»|||» global_colors_info=»{}» custom_padding__hover=»|||»][et_pb_text _builder_version=»4.27.4&#8243; text_font=»||||||||» text_text_color=»#7e7f93&#8243; text_font_size=»18px» header_font=»||||||||» header_text_color=»#008aa8&#8243; header_3_font=»Merriweather|700|||||||» header_3_text_color=»gcid-5dbd214d-e006-4f90-9ffe-993abd176003&#8243; header_3_font_size=»30px» header_3_line_height=»1.4em» locked=»off» global_colors_info=»{%22gcid-5dbd214d-e006-4f90-9ffe-993abd176003%22:%91%22header_3_text_color%22%93}»]</p>
<h3 style="text-align: center;">Palacio da Bolsa</h3>
<p>[/et_pb_text][/et_pb_column][/et_pb_row][et_pb_row _builder_version=»4.27.4&#8243; _module_preset=»default» global_colors_info=»{}»][et_pb_column type=»4_4&#8243; _builder_version=»4.27.4&#8243; _module_preset=»default» global_colors_info=»{}»][et_pb_video src=»https://congresso15.cmm.pt/wp-content/uploads/2025/06/2023-06-26-video-promocional-Palacio-da-Bolsa_versao_final.mp4&#8243; image_src=»https://congresso15.cmm.pt/wp-content/uploads/2025/06/Palacio_home.jpg» play_icon_color=»gcid-11f9b122-e9c0-482b-a959-1714baa342ba» font_icon=»&#x49;||divi||400&#8243; _builder_version=»4.27.4&#8243; _module_preset=»default» global_colors_info=»{%22gcid-11f9b122-e9c0-482b-a959-1714baa342ba%22:%91%22play_icon_color%22%93}»][/et_pb_video][/et_pb_column][/et_pb_row][et_pb_row _builder_version=»4.27.4&#8243; _module_preset=»default» global_colors_info=»{}»][et_pb_column type=»4_4&#8243; _builder_version=»4.27.4&#8243; _module_preset=»default» global_colors_info=»{}»][et_pb_text _builder_version=»4.27.4&#8243; _module_preset=»default» text_font_size=»18px» text_line_height=»1.5em» custom_margin=»30px||-30px||false|false» global_colors_info=»{}»]</p>
<p mce_style="text-align: justify;">Palácio da Bolsa en el XV Congreso de Construcción de Acero y Mixta y I Congreso de Ingeniería de Fachadas, la Cena de Gala tendrá lugar en el emblemático Palácio da Bolsa.</p>
<p mce_style="text-align: justify;">En el centro histórico de Oporto, Patrimonio de la Humanidad, el Palácio da Bolsa es un símbolo de la ciudad y de la región. Clasificado como Monumento Nacional, es propiedad y sede de la Asociación Comercial de Oporto y fue construido en la segunda mitad del siglo XIX.</p>
<p mce_style="text-align: justify;">De estilo neoclásico, fue diseñado por grandes nombres de la arquitectura como Marques da Silva y Tomás Soller, y de la pintura y escultura como Veloso Salgado, Teixeira Lopes y Soares dos Reis.</p>
<p mce_style="text-align: justify;">A lo largo del tiempo, por el Palácio da Bolsa han pasado grandes nombres de los siglos XIX, XX y XXI, desde monarcas hasta presidentes de la República y gobernantes de diversos países del mundo.</p>
<p mce_style="text-align: justify;">La nobleza y diversidad de su interior también hacen del Palácio da Bolsa uno de los monumentos más visitados del Norte del país.</p>
<p mce_style="text-align: justify;"><em></em></p>
<p mce_style="text-align: justify;"><em>Nota: Cena de gala incluida en la inscripción al congreso. Las personas no inscritas en el congreso pueden asistir a la cena pagando 150€. </em></p>
<p>[/et_pb_text][/et_pb_column][/et_pb_row][et_pb_row _builder_version=»4.27.4&#8243; _module_preset=»default» custom_margin=»50px||||false|false» global_colors_info=»{}»][et_pb_column type=»4_4&#8243; _builder_version=»4.27.4&#8243; _module_preset=»default» global_colors_info=»{}»][et_pb_map google_api_key=»AIzaSyBjYWM39tTGuUcZFQiG5yRtWjOPNCJgX0s» address=»Palácio da Bolsa, R. de Ferreira Borges 11, 4050-253 Porto, Portugal» address_lat=»41.1413772&#8243; address_lng=»-8.6156725&#8243; _builder_version=»4.27.4&#8243; _module_preset=»default» global_colors_info=»{}»][et_pb_map_pin title=»Palacio de la Bolsa» pin_address=»Palácio da Bolsa, R. de Ferreira Borges 11, 4050-253 Porto, Portugal» pin_address_lat=»41.1413772&#8243; pin_address_lng=»-8.6156725&#8243; _builder_version=»4.27.4&#8243; _module_preset=»default» global_colors_info=»{}»][/et_pb_map_pin][/et_pb_map][/et_pb_column][/et_pb_row][/et_pb_section]</p>

<p>Cena de GalaPalacio da BolsaPalácio da Bolsa en el XV Congreso de Construcción de Acero y Mixta y I Congreso de Ingeniería de Fachadas, la Cena de Gala tendrá lugar en el emblemático Palácio da Bolsa. En el centro histórico de Oporto, Patrimonio de la Humanidad, el Palácio da Bolsa es un símbolo de la [&hellip;]</p>
